{"id":1793,"date":"2026-03-06T20:43:34","date_gmt":"2026-03-06T19:43:34","guid":{"rendered":"https:\/\/meditation-chemindesroches.be\/WP\/?post_type=mec-events&#038;p=1793"},"modified":"2026-03-06T20:43:36","modified_gmt":"2026-03-06T19:43:36","slug":"evenement-811","status":"publish","type":"mec-events","link":"https:\/\/www.meditation-chemindesroches.be\/WP\/events\/evenement-811\/","title":{"rendered":"R\u00e9cital de d\u00e9clamation \u00ab\u00a0Au nom de la m\u00e8re\u00a0\u00bb"},"content":{"rendered":"<div class=\"wp-block-image\">\n<figure class=\"aligncenter size-large is-resized\"><img fetchpriority=\"high\" decoding=\"async\" width=\"608\" height=\"1024\" src=\"https:\/\/meditation-chemindesroches.be\/WP\/wp-content\/uploads\/2026\/03\/Image1-608x1024.jpg\" alt=\"\" class=\"wp-image-1794\" style=\"width:178px;height:auto\" srcset=\"https:\/\/www.meditation-chemindesroches.be\/WP\/wp-content\/uploads\/2026\/03\/Image1-608x1024.jpg 608w, https:\/\/www.meditation-chemindesroches.be\/WP\/wp-content\/uploads\/2026\/03\/Image1-178x300.jpg 178w, https:\/\/www.meditation-chemindesroches.be\/WP\/wp-content\/uploads\/2026\/03\/Image1.jpg 712w\" sizes=\"(max-width: 608px) 100vw, 608px\" \/><\/figure>\n<\/div>\n\n\n<p>Laissons- nous bercer, secouer, nourrir par des textes autour du th\u00e8me de la maternit\u00e9 que d\u00e9clameront et mettront en sc\u00e8ne Laura Pok et Nesle Verhelst.<\/p>\n\n\n\n<p>Une id\u00e9e originale pour c\u00e9l\u00e9brer la f\u00eate des m\u00e8res&nbsp;?<\/p>\n\n\n\n<hr class=\"wp-block-separator has-css-opacity\"\/>\n\n\n\n<p><strong>Dates et lieu<\/strong>: le dimanche 31 mai 2026 \u00e0 17h30 \u00e0 la Maison du Chemin des Roches<\/p>\n\n\n\n<p><strong>Participation aux frais<\/strong>\u00a0: offrande<\/p>\n\n\n\n<p><strong>Inscriptions et informations <\/strong>:\u00a0\u00a0<a href=\"mailto:info@meditation-chemindesroches.be\" target=\"_blank\" rel=\"noreferrer noopener\">info@meditation-chemindesroches.be<\/a><\/p>\n","protected":false},"excerpt":{"rendered":"<p>Laissons- nous bercer, secouer, nourrir par des textes autour du th\u00e8me de la maternit\u00e9 que d\u00e9clameront et mettront en sc\u00e8ne Laura Pok et Nesle Verhelst.&hellip;<\/p>\n","protected":false},"author":1,"featured_media":0,"comment_status":"closed","ping_status":"closed","template":"","tags":[],"mec_category":[41],"class_list":["post-1793","mec-events","type-mec-events","status-publish","hentry","mec_category-stage"],"_links":{"self":[{"href":"https:\/\/www.meditation-chemindesroches.be\/WP\/wp-json\/wp\/v2\/mec-events\/1793","targetHints":{"allow":["GET"]}}],"collection":[{"href":"https:\/\/www.meditation-chemindesroches.be\/WP\/wp-json\/wp\/v2\/mec-events"}],"about":[{"href":"https:\/\/www.meditation-chemindesroches.be\/WP\/wp-json\/wp\/v2\/types\/mec-events"}],"author":[{"embeddable":true,"href":"https:\/\/www.meditation-chemindesroches.be\/WP\/wp-json\/wp\/v2\/users\/1"}],"replies":[{"embeddable":true,"href":"https:\/\/www.meditation-chemindesroches.be\/WP\/wp-json\/wp\/v2\/comments?post=1793"}],"wp:attachment":[{"href":"https:\/\/www.meditation-chemindesroches.be\/WP\/wp-json\/wp\/v2\/media?parent=1793"}],"wp:term":[{"taxonomy":"post_tag","embeddable":true,"href":"https:\/\/www.meditation-chemindesroches.be\/WP\/wp-json\/wp\/v2\/tags?post=1793"},{"taxonomy":"mec_category","embeddable":true,"href":"https:\/\/www.meditation-chemindesroches.be\/WP\/wp-json\/wp\/v2\/mec_category?post=1793"}],"curies":[{"name":"wp","href":"https:\/\/api.w.org\/{rel}","templated":true}]}}

Récital de déclamation « Au nom de la mère »

<div class="wp-block-image">
<figure class="aligncenter size-large is-resized"><img fetchpriority="high" decoding="async" width="608" height="1024" src="https://meditation-chemindesroches.be/WP/wp-content/uploads/2026/03/Image1-608x1024.jpg" alt="" class="wp-image-1794" style="width:178px;height:auto" srcset="https://www.meditation-chemindesroches.be/WP/wp-content/uploads/2026/03/Image1-608x1024.jpg 608w, https://www.meditation-chemindesroches.be/WP/wp-content/uploads/2026/03/Image1-178x300.jpg 178w, https://www.meditation-chemindesroches.be/WP/wp-content/uploads/2026/03/Image1.jpg 712w" sizes="(max-width: 608px) 100vw, 608px" /></figure>
</div>


<p>Laissons- nous bercer, secouer, nourrir par des textes autour du thème de la maternité que déclameront et mettront en scène Laura Pok et Nesle Verhelst.</p>



<p>Une idée originale pour célébrer la fête des mères&nbsp;?</p>



<hr class="wp-block-separator has-css-opacity"/>



<p><strong>Dates et lieu</strong>: le dimanche 31 mai 2026 à 17h30 à la Maison du Chemin des Roches</p>



<p><strong>Participation aux frais</strong> : offrande</p>



<p><strong>Inscriptions et informations </strong>:  <a href="mailto:info@meditation-chemindesroches.be" target="_blank" rel="noreferrer noopener">info@meditation-chemindesroches.be</a></p>

<p>Laissons- nous bercer, secouer, nourrir par des textes autour du thème de la maternité que déclameront et mettront en scène Laura Pok et Nesle Verhelst.&hellip;</p>
